rue
Is 4633913 composite?
False
Is 3187649 a prime number?
False
Is 28799891 composite?
False
Is 17416477 prime?
False
Is 1409971 a prime number?
False
Is 697848541 composite?
True
Is 5781299 a composite number?
True
Is 172355929 a prime number?
True
Is 1441751 a prime number?
True
Is 25250065 composite?
True
Is 4985663 prime?
False
Is 3236521 prime?
False
Is 154543 a prime number?
True
Is 664369 a composite number?
False
Is 58850653 composite?
True
Is 1576391 composite?
False
Is 33305549 composite?
False
Is 101243761 a prime number?
False
Is 99984071 a prime number?
False
Is 14118121 a prime number?
False
Is 184956001 a prime number?
True
Is 5232361 composite?
True
Is 474326081 prime?
True
Is 5008571 a composite number?
True
Is 62426867 composite?
False
Is 59412689 composite?
True
Is 40163 a composite number?
False
Is 139823729 a composite number?
True
Is 12651019 a composite number?
False
Is 6803293 composite?
True
Is 14067517 prime?
False
Is 110165309 prime?
True
Is 7685311 composite?
True
Is 13092763 a composite number?
False
Is 17330647 composite?
False
Is 3443929 prime?
False
Is 4494701 a prime number?
True
Is 30044317 composite?
True
Is 1536343 prime?
True
Is 12920753 a composite number?
True
Is 5013647 a prime number?
True
Is 54420529 composite?
True
Is 133921289 a composite number?
True
Is 58894939 a composite number?
True
Is 435907 a composite number?
False
Is 1010975353 a prime number?
False
Is 4886981 a composite number?
True
Is 1381057 prime?
True
Is 178062569 composite?
False
Is 83130773 composite?
True
Is 14399821 prime?
True
Is 1760377 a composite number?
True
Is 212866583 a prime number?
False
Is 1361849 prime?
True
Is 4361817 a composite number?
True
Is 2035039 a prime number?
True
Is 25566119 a prime number?
True
Is 1496039 a prime number?
True
Is 1017781 composite?
False
Is 76823149 prime?
False
Is 6526139 composite?
True
Is 2012326 a prime number?
False
Is 68446211 a composite number?
False
Is 3431689 composite?
False
Is 416735043 composite?
True
Is 170297591 composite?
True
Is 122890819 a prime number?
True
Is 4573487 a composite number?
True
Is 36416969 composite?
False
Is 552079211 composite?
False
Is 143729923 composite?
False
Is 4024123 prime?
True
Is 1835513 a composite number?
True
Is 158588267 composite?
False
Is 17908477 prime?
True
Is 107772221 composite?
False
Is 107906047 a composite number?
False
Is 22853 a composite number?
False
Is 5866499 composite?
True
Is 174773509 a prime number?
True
Is 1917931 a prime number?
True
Is 102659591 a composite number?
True
Is 715358071 composite?
False
Is 384017 a composite number?
False
Is 35100499 composite?
True
Is 19668147 prime?
False
Is 20372397 composite?
True
Is 4910579 composite?
False
Is 216196087 prime?
True
Is 19903007 a composite number?
False
Is 1081151 composite?
True
Is 1219199627 a prime number?
True
Is 10588351 a prime number?
False
Is 218908927 a prime number?
False
Is 1577759 a prime number?
True
Is 22085053 a composite number?
False
Is 124097933 a prime number?
True
Is 25074958 prime?
False
Is 193842967 composite?
True
Is 5107573 composite?
True
Is 81529715 a prime number?
False
Is 268533497 a prime number?
False
Is 23748227 composite?
False
Is 82913927 composite?
True
Is 106808313 prime?
False
Is 324040849 a prime number?
False
Is 5029901 prime?
False
Is 22460863 a prime number?
True
Is 104827621 composite?
False
Is 6003197 a composite number?
False
Is 86682301 composite?
True
Is 902315 prime?
False
Is 24990449 prime?
False
Is 6813931 composite?
True
Is 66066953 composite?
False
Is 99924869 a composite number?
True
Is 7121833 a prime number?
True
Is 175529 prime?
False
Is 5667563 a prime number?
False
Is 94791093 a prime number?
False
Is 15056429 a prime number?
True
Is 246414449 composite?
False
Is 74640421 prime?
False
Is 1262543 a composite number?
False
Is 616487 composite?
True
Is 43003369 prime?
True
Is 2473309 a prime number?
True
Is 3402059 prime?
False
Is 119847157 composite?
False
Is 2143793 a composite number?
False
Is 7098821 composite?
True
Is 1689739 composite?
False
Is 36510469 a composite number?
False
Is 39335701 a composite number?
True
Is 174741377 a prime number?
False
Is 2778173 a prime number?
True
Is 53326193 a prime number?
True
Is 2765509 a composite number?
True
Is 13882117 composite?
True
Is 402271 a composite number?
True
Is 1053311 prime?
False
Is 98073971 prime?
True
Is 21061309 composite?
False
Is 16210603 a composite number?
False
Is 148950731 a composite number?
True
Is 641549 prime?
True
Is 46440827 a composite number?
False
Is 38809081 a composite number?
False
Is 4891001 a composite number?
False
Is 309935299 prime?
True
Is 621613 a prime number?
False
Is 4416947 composite?
False
Is 4183397 a composite number?
False
Is 149064011 a composite number?
False
Is 2785577 prime?
True
Is 12660913 composite?
True
Is 5558353 a prime number?
True
Is 3287111 a composite number?
True
Is 68022857 a composite number?
True
Is 274291877 prime?
True
Is 9079 composite?
True
Is 44048261 a composite number?
False
Is 595391 prime?
False
Is 2116271 a composite number?
True
Is 76347029 a prime number?
False
Is 2846605 a prime number?
False
Is 71090819 composite?
True
Is 7165859 a prime number?
True
Is 66765973 a prime number?
False
Is 25360171 prime?
True
Is 198034 a composite number?
True
Is 21837323 prime?
True
Is 60673307 a composite number?
True
Is 320615 a prime number?
False
Is 15473207 composite?
True
Is 251093 prime?
False
Is 15225113 prime?
True
Is 10187869 a prime number?
True
Is 735259 prime?
False
Is 29424721 prime?
False
Is 19802423 a prime number?
True
Is 181046413 a composite number?
True
Is 15162799 prime?
True
Is 16446814 prime?
False
Is 69430874 prime?
False
Is 42024989 composite?
True
Is 255504199 a composite number?
False
Is 11401822 prime?
False
Is 32115979 composite?
True
Is 548830939 a composite number?
False
Is 65787679 composite?
False
Is 716299 a prime number?
True
Is 16770791 composite?
True
Is 449077 prime?
True
Is 25118393 a prime number?
True
Is 914941 prime?
True
Is 904441 a prime number?
True
Is 12662173 prime?
True
Is 131873 a composite number?
True
Is 13313977 a composite number?
False
Is 654527 prime?
True
Is 49760719 prime?
True
Is 546779 composite?
True
Is 958585 composite?
True
Is 9539531 a prime number?
True
Is 8432699 composite?
True
Is 25576123 a composite number?
False
Is 6609479 composite?
True
Is 1742321 composite?
True
Is 552743311 a composite number?
True
Is 2117953 prime?
True
Is 10682053 composite?
False
Is 13095121 prime?
False
Is 59525729 a composite number?
False
Is 299869 a prime number?
False
Is 17640751 prime?
False
Is 15382409 a prime number?
False
Is 990631 a prime number?
True
Is 3901511 a prime number?
True
Is 1351949 a prime number?
True
Is 7969267 a composite number?
False
Is 1270591 composite?
True
Is 10223789 a composite number?
True
Is 168513247 composite?
True
Is 251469835 a prime number?
False
Is 14240903 prime?
True
Is 15357142 a composite number?
True
Is 594727415 composite?
True
Is 27882607 a composite number?
False
Is 16677113 a prime number?
False
Is 26926379 composite?
True
Is 59195159 a composite number?
False
Is 3971582 prime?
False
Is 6068459 a prime number?
True
Is 62991407 a composite number?
False
Is 7894079 a composite number?
True
Is 7812289 a composite number?
False
Is 135984883 composite?
False
Is 671114 a composite number?
True
Is 1408333 a composite number?
True
Is 35953465 composite?
True
Is 273231097 a composite number?
False
Is 20786659 a prime number?
False
Is 2446247 composite?
False
Is 3955909 a prime number?
True
Is 202903 composite?
True
Is 4573553 composite?
False
Is 2553599 a composite number?
False
Is 3610469 a prime number?
True
Is 2638201 prime?
True
Is 640516849 a prime number?
False
Is 1764573 prime?
False
Is 845087 a composite number?
True
Is 22259641 a prime number?
True
Is 39130961 prime?
True
Is 25418671 a composite number?
False
Is 1302091 composite?
True
Is 984713 prime?
False
Is 44551021 composite?
False
Is 10436251 composite?
True
Is 168517281 composite?
True
Is 4518389 a prime number?
True
Is 7127419 prime?
False
Is 428471 prime?
True
Is 47207 a composite number?
False
Is 92772889 composite?
True
Is 1447081 prime?
False
Is 3742281